{"id":273,"date":"2023-08-08T00:40:40","date_gmt":"2023-08-07T22:40:40","guid":{"rendered":"https:\/\/nova-concept-solutions.com\/?page_id=273"},"modified":"2023-09-10T23:12:03","modified_gmt":"2023-09-10T21:12:03","slug":"startseite","status":"publish","type":"page","link":"https:\/\/nova-concept-solutions.com\/","title":{"rendered":"Startseite"},"content":{"rendered":"\t\t<div data-elementor-type=\"wp-page\" data-elementor-id=\"273\" class=\"elementor elementor-273\">\n\t\t\t\t\t\t\t\t\t<section class=\"elementor-section elementor-top-section elementor-element elementor-element-5d65b67 elementor-section-height-full elementor-section-content-middle elementor-hidden-desktop elementor-section-boxed elementor-section-height-default elementor-section-items-middle\" data-id=\"5d65b67\" data-element_type=\"section\" data-settings=\"{&quot;background_background&quot;:&quot;gradient&quot;}\">\n\t\t\t\t\t\t\t<div class=\"elementor-background-overlay\"><\/div>\n\t\t\t\t\t\t\t<div class=\"elementor-container elementor-column-gap-default\">\n\t\t\t\t\t<div class=\"elementor-column elementor-col-100 elementor-top-column elementor-element elementor-element-c6564bb\" data-id=\"c6564bb\" data-element_type=\"column\">\n\t\t\t<div class=\"elementor-widget-wrap elementor-element-populated\">\n\t\t\t\t\t\t\t\t<section class=\"elementor-section elementor-inner-section elementor-element elementor-element-e16c6cf elementor-section-boxed elementor-section-height-default elementor-section-height-default\" data-id=\"e16c6cf\" data-element_type=\"section\">\n\t\t\t\t\t\t<div class=\"elementor-container elementor-column-gap-default\">\n\t\t\t\t\t<div class=\"elementor-column elementor-col-100 elementor-inner-column elementor-element elementor-element-f69c99a\" data-id=\"f69c99a\" data-element_type=\"column\">\n\t\t\t<div class=\"elementor-widget-wrap elementor-element-populated\">\n\t\t\t\t\t\t\t\t<div class=\"elementor-element elementor-element-6a6f38f elementor-widget__width-initial elementor-widget elementor-widget-heading\" data-id=\"6a6f38f\" data-element_type=\"widget\" data-widget_type=\"heading.default\">\n\t\t\t\t<div class=\"elementor-widget-container\">\n\t\t\t<style>\/*! elementor - v3.14.0 - 26-06-2023 *\/\n.elementor-heading-title{padding:0;margin:0;line-height:1}.elementor-widget-heading .elementor-heading-title[class*=elementor-size-]>a{color:inherit;font-size:inherit;line-height:inherit}.elementor-widget-heading .elementor-heading-title.elementor-size-small{font-size:15px}.elementor-widget-heading .elementor-heading-title.elementor-size-medium{font-size:19px}.elementor-widget-heading .elementor-heading-title.elementor-size-large{font-size:29px}.elementor-widget-heading .elementor-heading-title.elementor-size-xl{font-size:39px}.elementor-widget-heading .elementor-heading-title.elementor-size-xxl{font-size:59px}<\/style><h1 class=\"elementor-heading-title elementor-size-default\">NOVA CONCEPT SOLUTIONS<\/h1>\t\t<\/div>\n\t\t\t\t<\/div>\n\t\t\t\t<div class=\"elementor-element elementor-element-0b819e7 elementor-widget elementor-widget-spacer\" data-id=\"0b819e7\" data-element_type=\"widget\" data-widget_type=\"spacer.default\">\n\t\t\t\t<div class=\"elementor-widget-container\">\n\t\t\t<style>\/*! elementor - v3.14.0 - 26-06-2023 *\/\n.elementor-column .elementor-spacer-inner{height:var(--spacer-size)}.e-con{--container-widget-width:100%}.e-con-inner>.elementor-widget-spacer,.e-con>.elementor-widget-spacer{width:var(--container-widget-width,var(--spacer-size));--align-self:var(--container-widget-align-self,initial);--flex-shrink:0}.e-con-inner>.elementor-widget-spacer>.elementor-widget-container,.e-con-inner>.elementor-widget-spacer>.elementor-widget-container>.elementor-spacer,.e-con>.elementor-widget-spacer>.elementor-widget-container,.e-con>.elementor-widget-spacer>.elementor-widget-container>.elementor-spacer{height:100%}.e-con-inner>.elementor-widget-spacer>.elementor-widget-container>.elementor-spacer>.elementor-spacer-inner,.e-con>.elementor-widget-spacer>.elementor-widget-container>.elementor-spacer>.elementor-spacer-inner{height:var(--container-widget-height,var(--spacer-size))}<\/style>\t\t<div class=\"elementor-spacer\">\n\t\t\t<div class=\"elementor-spacer-inner\"><\/div>\n\t\t<\/div>\n\t\t\t\t<\/div>\n\t\t\t\t<\/div>\n\t\t\t\t<div class=\"elementor-element elementor-element-0c4dfdc elementor-widget elementor-widget-text-editor\" data-id=\"0c4dfdc\" data-element_type=\"widget\" data-widget_type=\"text-editor.default\">\n\t\t\t\t<div class=\"elementor-widget-container\">\n\t\t\t<style>\/*! elementor - v3.14.0 - 26-06-2023 *\/\n.elementor-widget-text-editor.elementor-drop-cap-view-stacked .elementor-drop-cap{background-color:#69727d;color:#fff}.elementor-widget-text-editor.elementor-drop-cap-view-framed .elementor-drop-cap{color:#69727d;border:3px solid;background-color:transparent}.elementor-widget-text-editor:not(.elementor-drop-cap-view-default) .elementor-drop-cap{margin-top:8px}.elementor-widget-text-editor:not(.elementor-drop-cap-view-default) .elementor-drop-cap-letter{width:1em;height:1em}.elementor-widget-text-editor .elementor-drop-cap{float:left;text-align:center;line-height:1;font-size:50px}.elementor-widget-text-editor .elementor-drop-cap-letter{display:inline-block}<\/style>\t\t\t\tUnsere Dienstleistungen unterst\u00fctzen Sie dabei, online sichtbar zu sein, was sich in mehr Kunden und steigendem Umsatz niederschl\u00e4gt\t\t\t\t\t\t<\/div>\n\t\t\t\t<\/div>\n\t\t\t\t\t<\/div>\n\t\t<\/div>\n\t\t\t\t\t\t\t<\/div>\n\t\t<\/section>\n\t\t\t\t\t<\/div>\n\t\t<\/div>\n\t\t\t\t\t\t\t<\/div>\n\t\t<\/section>\n\t\t\t\t<section class=\"elementor-section elementor-top-section elementor-element elementor-element-fbdae8f elementor-section-height-full elementor-section-content-middle elementor-hidden-tablet elementor-hidden-mobile elementor-hidden-desktop elementor-section-boxed elementor-section-height-default elementor-section-items-middle\" data-id=\"fbdae8f\" data-element_type=\"section\" data-settings=\"{&quot;background_background&quot;:&quot;gradient&quot;}\">\n\t\t\t\t\t\t\t<div class=\"elementor-background-overlay\"><\/div>\n\t\t\t\t\t\t\t<div class=\"elementor-container elementor-column-gap-default\">\n\t\t\t\t\t<div class=\"elementor-column elementor-col-100 elementor-top-column elementor-element elementor-element-d00bd41\" data-id=\"d00bd41\" data-element_type=\"column\">\n\t\t\t<div class=\"elementor-widget-wrap elementor-element-populated\">\n\t\t\t\t\t\t\t\t<div class=\"elementor-element elementor-element-ee6212f elementor-widget elementor-widget-heading\" data-id=\"ee6212f\" data-element_type=\"widget\" data-widget_type=\"heading.default\">\n\t\t\t\t<div class=\"elementor-widget-container\">\n\t\t\t<h2 class=\"elementor-heading-title elementor-size-default\">Nova Concept Solutions<\/h2>\t\t<\/div>\n\t\t\t\t<\/div>\n\t\t\t\t<div class=\"elementor-element elementor-element-2da18a2 elementor-widget elementor-widget-text-editor\" data-id=\"2da18a2\" data-element_type=\"widget\" data-widget_type=\"text-editor.default\">\n\t\t\t\t<div class=\"elementor-widget-container\">\n\t\t\t\t\t\t\t<p>Unsere Dienstleistungen unterst\u00fctzen Sie dabei, online sichtbar zu sein, was sich in mehr Kunden und steigendem Umsatz niederschl\u00e4gt.<\/p>\t\t\t\t\t\t<\/div>\n\t\t\t\t<\/div>\n\t\t\t\t\t<\/div>\n\t\t<\/div>\n\t\t\t\t\t\t\t<\/div>\n\t\t<\/section>\n\t\t\t\t<section class=\"elementor-section elementor-top-section elementor-element elementor-element-323aff8 elementor-section-height-full elementor-section-content-middle elementor-hidden-tablet elementor-hidden-mobile elementor-section-boxed elementor-section-height-default elementor-section-items-middle\" data-id=\"323aff8\" data-element_type=\"section\" data-settings=\"{&quot;background_background&quot;:&quot;gradient&quot;}\">\n\t\t\t\t\t\t\t<div class=\"elementor-background-overlay\"><\/div>\n\t\t\t\t\t\t\t<div class=\"elementor-container elementor-column-gap-default\">\n\t\t\t\t\t<div class=\"elementor-column elementor-col-100 elementor-top-column elementor-element elementor-element-2cf0d17\" data-id=\"2cf0d17\" data-element_type=\"column\">\n\t\t\t<div class=\"elementor-widget-wrap elementor-element-populated\">\n\t\t\t\t\t\t\t\t<section class=\"elementor-section elementor-inner-section elementor-element elementor-element-1c1bc40 elementor-section-boxed elementor-section-height-default elementor-section-height-default\" data-id=\"1c1bc40\" data-element_type=\"section\">\n\t\t\t\t\t\t<div class=\"elementor-container elementor-column-gap-default\">\n\t\t\t\t\t<div class=\"elementor-column elementor-col-25 elementor-inner-column elementor-element elementor-element-d55a39c elementor-hidden-tablet elementor-hidden-mobile\" data-id=\"d55a39c\" data-element_type=\"column\">\n\t\t\t<div class=\"elementor-widget-wrap elementor-element-populated\">\n\t\t\t\t\t\t\t\t<div class=\"elementor-element elementor-element-3c84d9e elementor-widget__width-initial elementor-absolute elementor-hidden-tablet elementor-hidden-mobile elementor-widget elementor-widget-heading\" data-id=\"3c84d9e\" data-element_type=\"widget\" data-settings=\"{&quot;_position&quot;:&quot;absolute&quot;}\" data-widget_type=\"heading.default\">\n\t\t\t\t<div class=\"elementor-widget-container\">\n\t\t\t<h1 class=\"elementor-heading-title elementor-size-default\">Nova Concept Solutions\u200b<\/h1>\t\t<\/div>\n\t\t\t\t<\/div>\n\t\t\t\t\t<\/div>\n\t\t<\/div>\n\t\t\t\t<div class=\"elementor-column elementor-col-25 elementor-inner-column elementor-element elementor-element-3d518ba elementor-hidden-tablet elementor-hidden-mobile\" data-id=\"3d518ba\" data-element_type=\"column\">\n\t\t\t<div class=\"elementor-widget-wrap elementor-element-populated\">\n\t\t\t\t\t\t\t\t<div class=\"elementor-element elementor-element-e967d5d elementor-widget__width-initial elementor-absolute elementor-hidden-tablet elementor-hidden-mobile elementor-widget elementor-widget-html\" data-id=\"e967d5d\" data-element_type=\"widget\" data-settings=\"{&quot;_position&quot;:&quot;absolute&quot;}\" data-widget_type=\"html.default\">\n\t\t\t\t<div class=\"elementor-widget-container\">\n\t\t\t<svg viewBox=\"0 0 200 200\" xmlns=\"http:\/\/www.w3.org\/2000\/svg\">\n\n  <path fill=#d4af37 d=\"M41.1,-65.1C50.8,-57.7,54.6,-42.2,59.8,-28.1C65,-14,71.7,-1.4,69.9,10C68.2,21.3,58,31.4,49.4,44.7C40.8,58.1,33.8,74.7,21.4,83.1C8.9,91.5,-9,91.6,-23.5,85.1C-37.9,78.5,-48.9,65.2,-55.3,51.4C-61.7,37.7,-63.5,23.5,-68.3,8.2C-73.1,-7.2,-80.8,-23.8,-75.7,-34.4C-70.6,-45.1,-52.8,-49.8,-38.1,-54.9C-23.4,-60,-11.7,-65.5,2,-68.6C15.7,-71.8,31.4,-72.5,41.1,-65.1Z\" transform=\"translate(100 100)\">\n    <animate attributeName=\"d\" dur=\"20s\" repeatCount=\"indefinite\" \n      values=\"\n      M54.7,-57.3C68.3,-41.1,74.9,-20.6,75.5,0.7C76.2,21.9,71,43.8,57.4,53.8C43.8,63.8,21.9,61.8,3.9,58C-14.1,54.1,-28.3,48.2,-43.5,38.3C-58.7,28.3,-75,14.1,-75.4,-0.4C-75.8,-15,-60.3,-29.9,-45.1,-46.1C-29.9,-62.2,-15,-79.6,2.8,-82.4C20.6,-85.2,41.1,-73.4,54.7,-57.3Z;\n      M55.1,-55C67.5,-42.7,71,-21.3,69.2,-1.8C67.5,17.8,60.5,35.6,48.1,52C35.6,68.4,17.8,83.3,1.8,81.5C-14.2,79.7,-28.4,61.2,-43.2,44.8C-58,28.4,-73.4,14.2,-75.4,-2C-77.5,-18.3,-66.1,-36.5,-51.3,-48.9C-36.5,-61.2,-18.3,-67.5,1.5,-69C21.3,-70.5,42.7,-67.3,55.1,-55Z;\n      M44.3,-43.4C56.2,-32.3,64,-16.2,66.9,2.9C69.8,21.9,67.8,43.9,55.8,59.9C43.9,76,21.9,86.1,4.8,81.3C-12.3,76.5,-24.6,56.7,-36.1,40.7C-47.7,24.6,-58.4,12.3,-59.2,-0.8C-60,-13.8,-50.7,-27.7,-39.2,-38.8C-27.7,-49.9,-13.8,-58.3,1.2,-59.4C16.2,-60.6,32.3,-54.5,44.3,-43.4Z;\n      M39.9,-44.3C50.2,-29.6,55.9,-14.8,55,-0.9C54.2,13,46.6,26.1,36.4,42.5C26.1,58.9,13,78.6,-2.7,81.3C-18.4,83.9,-36.8,69.5,-53.2,53.2C-69.7,36.8,-84.2,18.4,-86,-1.8C-87.8,-22,-77,-44,-60.5,-58.8C-44,-73.5,-22,-80.9,-3.6,-77.3C14.8,-73.7,29.6,-59.1,39.9,-44.3Z;\n      M54.7,-57.3C68.3,-41.1,74.9,-20.6,75.5,0.7C76.2,21.9,71,43.8,57.4,53.8C43.8,63.8,21.9,61.8,3.9,58C-14.1,54.1,-28.3,48.2,-43.5,38.3C-58.7,28.3,-75,14.1,-75.4,-0.4C-75.8,-15,-60.3,-29.9,-45.1,-46.1C-29.9,-62.2,-15,-79.6,2.8,-82.4C20.6,-85.2,41.1,-73.4,54.7,-57.3Z;\n      \n      \"\n    \/>\n  <\/path>\n<\/svg>\n\t\t<\/div>\n\t\t\t\t<\/div>\n\t\t\t\t\t<\/div>\n\t\t<\/div>\n\t\t\t\t<div class=\"elementor-column elementor-col-25 elementor-inner-column elementor-element elementor-element-8d6980b elementor-hidden-tablet elementor-hidden-mobile\" data-id=\"8d6980b\" data-element_type=\"column\">\n\t\t\t<div class=\"elementor-widget-wrap elementor-element-populated\">\n\t\t\t\t\t\t\t\t<div class=\"elementor-element elementor-element-f44d752 elementor-widget__width-initial elementor-absolute elementor-hidden-tablet elementor-hidden-mobile elementor-widget elementor-widget-html\" data-id=\"f44d752\" data-element_type=\"widget\" data-settings=\"{&quot;_position&quot;:&quot;absolute&quot;}\" data-widget_type=\"html.default\">\n\t\t\t\t<div class=\"elementor-widget-container\">\n\t\t\t<svg viewBox=\"0 0 200 200\" xmlns=\"http:\/\/www.w3.org\/2000\/svg\">\n\n  <path fill=lihtblue d=\"M41.1,-65.1C50.8,-57.7,54.6,-42.2,59.8,-28.1C65,-14,71.7,-1.4,69.9,10C68.2,21.3,58,31.4,49.4,44.7C40.8,58.1,33.8,74.7,21.4,83.1C8.9,91.5,-9,91.6,-23.5,85.1C-37.9,78.5,-48.9,65.2,-55.3,51.4C-61.7,37.7,-63.5,23.5,-68.3,8.2C-73.1,-7.2,-80.8,-23.8,-75.7,-34.4C-70.6,-45.1,-52.8,-49.8,-38.1,-54.9C-23.4,-60,-11.7,-65.5,2,-68.6C15.7,-71.8,31.4,-72.5,41.1,-65.1Z\" transform=\"translate(100 100)\">\n    <animate attributeName=\"d\" dur=\"20s\" repeatCount=\"indefinite\" \n      values=\"\n      M54.7,-57.3C68.3,-41.1,74.9,-20.6,75.5,0.7C76.2,21.9,71,43.8,57.4,53.8C43.8,63.8,21.9,61.8,3.9,58C-14.1,54.1,-28.3,48.2,-43.5,38.3C-58.7,28.3,-75,14.1,-75.4,-0.4C-75.8,-15,-60.3,-29.9,-45.1,-46.1C-29.9,-62.2,-15,-79.6,2.8,-82.4C20.6,-85.2,41.1,-73.4,54.7,-57.3Z;\n      M55.1,-55C67.5,-42.7,71,-21.3,69.2,-1.8C67.5,17.8,60.5,35.6,48.1,52C35.6,68.4,17.8,83.3,1.8,81.5C-14.2,79.7,-28.4,61.2,-43.2,44.8C-58,28.4,-73.4,14.2,-75.4,-2C-77.5,-18.3,-66.1,-36.5,-51.3,-48.9C-36.5,-61.2,-18.3,-67.5,1.5,-69C21.3,-70.5,42.7,-67.3,55.1,-55Z;\n      M44.3,-43.4C56.2,-32.3,64,-16.2,66.9,2.9C69.8,21.9,67.8,43.9,55.8,59.9C43.9,76,21.9,86.1,4.8,81.3C-12.3,76.5,-24.6,56.7,-36.1,40.7C-47.7,24.6,-58.4,12.3,-59.2,-0.8C-60,-13.8,-50.7,-27.7,-39.2,-38.8C-27.7,-49.9,-13.8,-58.3,1.2,-59.4C16.2,-60.6,32.3,-54.5,44.3,-43.4Z;\n      M39.9,-44.3C50.2,-29.6,55.9,-14.8,55,-0.9C54.2,13,46.6,26.1,36.4,42.5C26.1,58.9,13,78.6,-2.7,81.3C-18.4,83.9,-36.8,69.5,-53.2,53.2C-69.7,36.8,-84.2,18.4,-86,-1.8C-87.8,-22,-77,-44,-60.5,-58.8C-44,-73.5,-22,-80.9,-3.6,-77.3C14.8,-73.7,29.6,-59.1,39.9,-44.3Z;\n      M54.7,-57.3C68.3,-41.1,74.9,-20.6,75.5,0.7C76.2,21.9,71,43.8,57.4,53.8C43.8,63.8,21.9,61.8,3.9,58C-14.1,54.1,-28.3,48.2,-43.5,38.3C-58.7,28.3,-75,14.1,-75.4,-0.4C-75.8,-15,-60.3,-29.9,-45.1,-46.1C-29.9,-62.2,-15,-79.6,2.8,-82.4C20.6,-85.2,41.1,-73.4,54.7,-57.3Z;\n      \n      \"\n    \/>\n  <\/path>\n<\/svg>\n\t\t<\/div>\n\t\t\t\t<\/div>\n\t\t\t\t\t<\/div>\n\t\t<\/div>\n\t\t\t\t<div class=\"elementor-column elementor-col-25 elementor-inner-column elementor-element elementor-element-5a030e4 elementor-hidden-tablet\" data-id=\"5a030e4\" data-element_type=\"column\">\n\t\t\t<div class=\"elementor-widget-wrap elementor-element-populated\">\n\t\t\t\t\t\t\t\t<div class=\"elementor-element elementor-element-04774d5 elementor-absolute elementor-widget__width-initial elementor-hidden-tablet elementor-hidden-mobile elementor-widget elementor-widget-html\" data-id=\"04774d5\" data-element_type=\"widget\" data-settings=\"{&quot;_position&quot;:&quot;absolute&quot;}\" data-widget_type=\"html.default\">\n\t\t\t\t<div class=\"elementor-widget-container\">\n\t\t\t<svg viewBox=\"0 0 200 200\" xmlns=\"http:\/\/www.w3.org\/2000\/svg\">\n\n  <path fill=#D4AF37 d=\"M41.1,-65.1C50.8,-57.7,54.6,-42.2,59.8,-28.1C65,-14,71.7,-1.4,69.9,10C68.2,21.3,58,31.4,49.4,44.7C40.8,58.1,33.8,74.7,21.4,83.1C8.9,91.5,-9,91.6,-23.5,85.1C-37.9,78.5,-48.9,65.2,-55.3,51.4C-61.7,37.7,-63.5,23.5,-68.3,8.2C-73.1,-7.2,-80.8,-23.8,-75.7,-34.4C-70.6,-45.1,-52.8,-49.8,-38.1,-54.9C-23.4,-60,-11.7,-65.5,2,-68.6C15.7,-71.8,31.4,-72.5,41.1,-65.1Z\" transform=\"translate(100 100)\">\n    <animate attributeName=\"d\" dur=\"20s\" repeatCount=\"indefinite\" \n      values=\"\n      M54.7,-57.3C68.3,-41.1,74.9,-20.6,75.5,0.7C76.2,21.9,71,43.8,57.4,53.8C43.8,63.8,21.9,61.8,3.9,58C-14.1,54.1,-28.3,48.2,-43.5,38.3C-58.7,28.3,-75,14.1,-75.4,-0.4C-75.8,-15,-60.3,-29.9,-45.1,-46.1C-29.9,-62.2,-15,-79.6,2.8,-82.4C20.6,-85.2,41.1,-73.4,54.7,-57.3Z;\n      M55.1,-55C67.5,-42.7,71,-21.3,69.2,-1.8C67.5,17.8,60.5,35.6,48.1,52C35.6,68.4,17.8,83.3,1.8,81.5C-14.2,79.7,-28.4,61.2,-43.2,44.8C-58,28.4,-73.4,14.2,-75.4,-2C-77.5,-18.3,-66.1,-36.5,-51.3,-48.9C-36.5,-61.2,-18.3,-67.5,1.5,-69C21.3,-70.5,42.7,-67.3,55.1,-55Z;\n      M44.3,-43.4C56.2,-32.3,64,-16.2,66.9,2.9C69.8,21.9,67.8,43.9,55.8,59.9C43.9,76,21.9,86.1,4.8,81.3C-12.3,76.5,-24.6,56.7,-36.1,40.7C-47.7,24.6,-58.4,12.3,-59.2,-0.8C-60,-13.8,-50.7,-27.7,-39.2,-38.8C-27.7,-49.9,-13.8,-58.3,1.2,-59.4C16.2,-60.6,32.3,-54.5,44.3,-43.4Z;\n      M39.9,-44.3C50.2,-29.6,55.9,-14.8,55,-0.9C54.2,13,46.6,26.1,36.4,42.5C26.1,58.9,13,78.6,-2.7,81.3C-18.4,83.9,-36.8,69.5,-53.2,53.2C-69.7,36.8,-84.2,18.4,-86,-1.8C-87.8,-22,-77,-44,-60.5,-58.8C-44,-73.5,-22,-80.9,-3.6,-77.3C14.8,-73.7,29.6,-59.1,39.9,-44.3Z;\n      M54.7,-57.3C68.3,-41.1,74.9,-20.6,75.5,0.7C76.2,21.9,71,43.8,57.4,53.8C43.8,63.8,21.9,61.8,3.9,58C-14.1,54.1,-28.3,48.2,-43.5,38.3C-58.7,28.3,-75,14.1,-75.4,-0.4C-75.8,-15,-60.3,-29.9,-45.1,-46.1C-29.9,-62.2,-15,-79.6,2.8,-82.4C20.6,-85.2,41.1,-73.4,54.7,-57.3Z;\n      \n      \"\n    \/>\n  <\/path>\n<\/svg>\n\t\t<\/div>\n\t\t\t\t<\/div>\n\t\t\t\t\t<\/div>\n\t\t<\/div>\n\t\t\t\t\t\t\t<\/div>\n\t\t<\/section>\n\t\t\t\t\t<\/div>\n\t\t<\/div>\n\t\t\t\t\t\t\t<\/div>\n\t\t<\/section>\n\t\t\t\t\t\t\t<\/div>\n\t\t","protected":false},"excerpt":{"rendered":"<p>NOVA CONCEPT SOLUTIONS Unsere Dienstleistungen unterst\u00fctzen Sie dabei, online sichtbar zu sein, was sich in mehr Kunden und steigendem Umsatz niederschl\u00e4gt Nova Concept Solutions Unsere Dienstleistungen unterst\u00fctzen Sie dabei, online sichtbar zu sein, was sich in mehr Kunden und steigendem Umsatz niederschl\u00e4gt. Nova Concept Solutions\u200b<\/p>\n","protected":false},"author":1,"featured_media":0,"parent":0,"menu_order":0,"comment_status":"closed","ping_status":"closed","template":"elementor_header_footer","meta":{"site-sidebar-layout":"no-sidebar","site-content-layout":"page-builder","ast-global-header-display":"","ast-banner-title-visibility":"","ast-main-header-display":"","ast-hfb-above-header-display":"","ast-hfb-below-header-display":"","ast-hfb-mobile-header-display":"","site-post-title":"disabled","ast-breadcrumbs-content":"","ast-featured-img":"disabled","footer-sml-layout":"","theme-transparent-header-meta":"","adv-header-id-meta":"","stick-header-meta":"","header-above-stick-meta":"","header-main-stick-meta":"","header-below-stick-meta":""},"yoast_head":"<!-- This site is optimized with the Yoast SEO plugin v20.11 - https:\/\/yoast.com\/wordpress\/plugins\/seo\/ -->\n<title>Startseite - Nova Concept Solutions<\/title>\n<meta name=\"robots\" content=\"index, follow, max-snippet:-1, max-image-preview:large, max-video-preview:-1\" \/>\n<link rel=\"canonical\" href=\"https:\/\/nova-concept-solutions.com\/\" \/>\n<meta property=\"og:locale\" content=\"de_DE\" \/>\n<meta property=\"og:type\" content=\"article\" \/>\n<meta property=\"og:title\" content=\"Startseite - Nova Concept Solutions\" \/>\n<meta property=\"og:description\" content=\"NOVA CONCEPT SOLUTIONS Unsere Dienstleistungen unterst\u00fctzen Sie dabei, online sichtbar zu sein, was sich in mehr Kunden und steigendem Umsatz niederschl\u00e4gt Nova Concept Solutions Unsere Dienstleistungen unterst\u00fctzen Sie dabei, online sichtbar zu sein, was sich in mehr Kunden und steigendem Umsatz niederschl\u00e4gt. Nova Concept Solutions\u200b\" \/>\n<meta property=\"og:url\" content=\"https:\/\/nova-concept-solutions.com\/\" \/>\n<meta property=\"og:site_name\" content=\"Nova Concept Solutions\" \/>\n<meta property=\"article:modified_time\" content=\"2023-09-10T21:12:03+00:00\" \/>\n<meta name=\"twitter:card\" content=\"summary_large_image\" \/>\n<meta name=\"twitter:label1\" content=\"Gesch\u00e4tzte Lesezeit\" \/>\n\t<meta name=\"twitter:data1\" content=\"1\u00a0Minute\" \/>\n<script type=\"application\/ld+json\" class=\"yoast-schema-graph\">{\"@context\":\"https:\/\/schema.org\",\"@graph\":[{\"@type\":\"WebPage\",\"@id\":\"https:\/\/nova-concept-solutions.com\/\",\"url\":\"https:\/\/nova-concept-solutions.com\/\",\"name\":\"Startseite - Nova Concept Solutions\",\"isPartOf\":{\"@id\":\"https:\/\/nova-concept-solutions.com\/#website\"},\"datePublished\":\"2023-08-07T22:40:40+00:00\",\"dateModified\":\"2023-09-10T21:12:03+00:00\",\"breadcrumb\":{\"@id\":\"https:\/\/nova-concept-solutions.com\/#breadcrumb\"},\"inLanguage\":\"de\",\"potentialAction\":[{\"@type\":\"ReadAction\",\"target\":[\"https:\/\/nova-concept-solutions.com\/\"]}]},{\"@type\":\"BreadcrumbList\",\"@id\":\"https:\/\/nova-concept-solutions.com\/#breadcrumb\",\"itemListElement\":[{\"@type\":\"ListItem\",\"position\":1,\"name\":\"Startseite\",\"item\":\"https:\/\/nova-concept-solutions.com\/\"},{\"@type\":\"ListItem\",\"position\":2,\"name\":\"Startseite\"}]},{\"@type\":\"WebSite\",\"@id\":\"https:\/\/nova-concept-solutions.com\/#website\",\"url\":\"https:\/\/nova-concept-solutions.com\/\",\"name\":\"Nova Concept Solutions\",\"description\":\"SEO Agentur\",\"potentialAction\":[{\"@type\":\"SearchAction\",\"target\":{\"@type\":\"EntryPoint\",\"urlTemplate\":\"https:\/\/nova-concept-solutions.com\/?s={search_term_string}\"},\"query-input\":\"required name=search_term_string\"}],\"inLanguage\":\"de\"}]}<\/script>\n<!-- \/ Yoast SEO plugin. -->","yoast_head_json":{"title":"Startseite - Nova Concept Solutions","robots":{"index":"index","follow":"follow","max-snippet":"max-snippet:-1","max-image-preview":"max-image-preview:large","max-video-preview":"max-video-preview:-1"},"canonical":"https:\/\/nova-concept-solutions.com\/","og_locale":"de_DE","og_type":"article","og_title":"Startseite - Nova Concept Solutions","og_description":"NOVA CONCEPT SOLUTIONS Unsere Dienstleistungen unterst\u00fctzen Sie dabei, online sichtbar zu sein, was sich in mehr Kunden und steigendem Umsatz niederschl\u00e4gt Nova Concept Solutions Unsere Dienstleistungen unterst\u00fctzen Sie dabei, online sichtbar zu sein, was sich in mehr Kunden und steigendem Umsatz niederschl\u00e4gt. Nova Concept Solutions\u200b","og_url":"https:\/\/nova-concept-solutions.com\/","og_site_name":"Nova Concept Solutions","article_modified_time":"2023-09-10T21:12:03+00:00","twitter_card":"summary_large_image","twitter_misc":{"Gesch\u00e4tzte Lesezeit":"1\u00a0Minute"},"schema":{"@context":"https:\/\/schema.org","@graph":[{"@type":"WebPage","@id":"https:\/\/nova-concept-solutions.com\/","url":"https:\/\/nova-concept-solutions.com\/","name":"Startseite - Nova Concept Solutions","isPartOf":{"@id":"https:\/\/nova-concept-solutions.com\/#website"},"datePublished":"2023-08-07T22:40:40+00:00","dateModified":"2023-09-10T21:12:03+00:00","breadcrumb":{"@id":"https:\/\/nova-concept-solutions.com\/#breadcrumb"},"inLanguage":"de","potentialAction":[{"@type":"ReadAction","target":["https:\/\/nova-concept-solutions.com\/"]}]},{"@type":"BreadcrumbList","@id":"https:\/\/nova-concept-solutions.com\/#breadcrumb","itemListElement":[{"@type":"ListItem","position":1,"name":"Startseite","item":"https:\/\/nova-concept-solutions.com\/"},{"@type":"ListItem","position":2,"name":"Startseite"}]},{"@type":"WebSite","@id":"https:\/\/nova-concept-solutions.com\/#website","url":"https:\/\/nova-concept-solutions.com\/","name":"Nova Concept Solutions","description":"SEO Agentur","potentialAction":[{"@type":"SearchAction","target":{"@type":"EntryPoint","urlTemplate":"https:\/\/nova-concept-solutions.com\/?s={search_term_string}"},"query-input":"required name=search_term_string"}],"inLanguage":"de"}]}},"_links":{"self":[{"href":"https:\/\/nova-concept-solutions.com\/index.php\/wp-json\/wp\/v2\/pages\/273"}],"collection":[{"href":"https:\/\/nova-concept-solutions.com\/index.php\/wp-json\/wp\/v2\/pages"}],"about":[{"href":"https:\/\/nova-concept-solutions.com\/index.php\/wp-json\/wp\/v2\/types\/page"}],"author":[{"embeddable":true,"href":"https:\/\/nova-concept-solutions.com\/index.php\/wp-json\/wp\/v2\/users\/1"}],"replies":[{"embeddable":true,"href":"https:\/\/nova-concept-solutions.com\/index.php\/wp-json\/wp\/v2\/comments?post=273"}],"version-history":[{"count":82,"href":"https:\/\/nova-concept-solutions.com\/index.php\/wp-json\/wp\/v2\/pages\/273\/revisions"}],"predecessor-version":[{"id":750,"href":"https:\/\/nova-concept-solutions.com\/index.php\/wp-json\/wp\/v2\/pages\/273\/revisions\/750"}],"wp:attachment":[{"href":"https:\/\/nova-concept-solutions.com\/index.php\/wp-json\/wp\/v2\/media?parent=273"}],"curies":[{"name":"wp","href":"https:\/\/api.w.org\/{rel}","templated":true}]}}